 the greatest common divisor of z and 70?
14
Suppose 8*g - 241 + 1 = 0. Calculate the highest common divisor of g and 210.
30
Let o(r) = -r**3 - 16*r**2 - 2*r + 38. Let i be o(-16). What is the highest common divisor of 175 and i?
35
Let g(p) = 4*p**2 + 9*p - 4. Let h be g(-4). What is the greatest common factor of 3 and h?
3
Suppose 88 = 2*o - 52. Let g = o + -43. Let y = g + -11. What is the greatest common divisor of 112 and y?
16
Let l be (-2 - -4)*(-15)/(-2). Let n(p) = p**2 - 37*p + 215. Let i be n(30). Calculate the greatest common factor of i and l.
5
Suppose 0 + 16 = 4*c. Suppose 2*s + 2*w + c = 0, 4*s - w - 32 = 3*w. Suppose -4*x - 3 = r - 2, 59 = 5*r + 4*x. What is the greatest common factor of r and s?
3
Let v(j) = 3*j**2 + j - 2. Let k = 3 + -5. Let w be v(k). Let b = -5 + w. What is the highest common divisor of b and 9?
3
Let o(x) be the third derivative of -x**6/120 + x**4/12 + x**3 - 8*x**2. Let s be o(0). Calculate the highest common factor of 4 and s.
2
Suppose 6*j - 2 = 502. What is the greatest common divisor of 12 and j?
12
Suppose -3*i - 553 = -8*i + y, -i + 2*y + 116 = 0. Calculate the greatest common divisor of i and 10.
10
Let s be 1362/54 - 4/18. Calculate the highest common divisor of 10 and s.
5
Let j(l) = l**3 + 5*l**2 + l - 4. Let a be j(-4). Suppose -2*d - a = 0, -70 = -3*t + 4*d - 3. Calculate the greatest common factor of t and 153.
17
Let g = 11 + 25. Calculate the highest common factor of g and 90.
18
Suppose 562 + 1293 = 5*l. Let r be l/(-9) - 6/(-27). Let m be r/(2 + -3) - -1. What is the highest common factor of 28 and m?
14
Suppose 101 - 5 = -4*o. Let d be (9/18)/((-2)/o). What is the greatest common factor of d and 9?
3
Let w be 67 - ((-2)/2 + 5). Calculate the highest common divisor of 21 and w.
21
Suppose y = 2*y. Suppose -p = -y*p - 8. Let a(s) = 2*s**2 - 8*s. Let o be a(6). Calculate the greatest common factor of o and p.
8
Let l = 102 + -70. Let t be ((-9)/4)/((-12)/l). Suppose 0 = -3*f + t*f - 48. Calculate the highest common divisor of f and 24.
8
Suppose -5*p + 30 = -15. Calculate the highest common divisor of 81 and p.
9
Suppose 5*s - d - 35 = 4*d, -d + 14 = 2*s. What is the greatest common factor of s and 28?
7
Let f = -24 + 56. Calculate the highest common factor of f and 80.
16
Let z = 128 - 44. What is the highest common divisor of z and 24?
12
Let c be (-1*1)/((-22)/1298) - -1. What is the greatest common factor of c and 150?
30
Let r(o) = 2*o + 3*o - 3 - 4. Let w be r(5). What is the highest common factor of 144 and w?
18
Let o(l) = 13*l - 1. Let w be o(1). Let c(h) = -h + h + 2*h + 2. Let i be c(5). Calculate the highest common divisor of w and i.
12
Let r be 2/3 + (-7)/(-3). Let c = -5 + 5. Suppose -57 = -2*n + 3*x, n + x = -c*n + 26. Calculate the highest common factor of r and n.
3
Let q(l) = -5*l - 3. Let p be q(-6). Let i(y) = 18*y. Let b be i(1). Calculate the highest common factor of p and b.
9
Let d(s) be the first derivative of 1 + 30*s + 1/2*s**2. Let a be d(0). What is the greatest common divisor of a and 45?
15
Let k be ((-8)/(-12))/((-2)/(-27)). Calculate the greatest common factor of 99 and k.
9
Let f be 94 + 0 - (-1 + -1). Suppose -3*v = -v - f. Suppose -v = -3*u - u. What is the greatest common divisor of 12 and u?
12
Let n(w) = -4*w - 3. Let r be n(-2). Suppose -r*v = -2*v. Suppose v*p = 3*p - 300. Calculate the highest common factor of p and 20.
20
Let o be (3/3)/(-1) + 1. Suppose 0 = -d - o*d + 21. What is the greatest common factor of 14 and d?
7
Let q = -9 - -20. Let x(p) = 7*p**2 + 5*p + 9. Let w be x(8). Suppose w = 5*b - y, 2*y = -3*b - y + 291. Calculate the highest common divisor of q and b.
11
Suppose 0 = 4*t + 3*z - 27, -2*t - 4*z + 26 = -0*t. Let i be ((-1)/(1/t))/(-3). What is the highest common divisor of i and 5?
1
Let k be (-7)/(14/4) - (-6 + 1). Calculate the greatest common divisor of 102 and k.
3
Let z(v) = v**3 + 3*v**2 - 2*v - 2. Let f be z(-3). Suppose c + f*c - 70 = 0. What is the highest common divisor of c and 21?
7
Suppose 5*s - 65 = 115. Suppose 42 = 2*z - 6. Calculate the highest common divisor of s and z.
12
Suppose 4*d - 2*d = 94. Suppose -2*r - 3*c = -c - 36, 0 = 4*r - c - d. What is the greatest common divisor of r and 91?
13
Let g = -5 + 20. Let n(f) = f**3 - 8*f**2 - 10*f - 3. Let i be n(9). Let b = -6 - i. Calculate the greatest common divisor of g and b.
3
Let a be 2*(-10)/8*-2. Suppose -p + 4*s = -14, a*p + 5*s - 4*s = 49. Suppose 8 = 2*y + 2*y. Calculate the greatest common factor of p and y.
2
Let j = 17 - -1. Let y(b) = b. Let c be y(-6). Let z(l) = -l**2 - 5*l + 8. Let i be z(c). Calculate the greatest common factor of j and i.
2
Suppose 95 = 2*f + 3*f. Let m = 28 - f. What is the greatest common divisor of m and 72?
9
Suppose -10 = -5*g, -4*z + 5*g = -2*z - 104. Let x be 2/(-5) - ((-408)/20 + 1). What is the greatest common divisor of x and z?
19
Suppose -4*f + 8 = -l - 10, 2*f - 16 = 4*l. Let n be (-1*1)/((-2)/8). Let o be l/(2/n*-2). What is the greatest common divisor of 22 and o?
2
Let x = -106 - -109. Calculate the highest common divisor of 3 and x.
3
Let z(n) = -n - 2. Let r be z(-4). Suppose 11 = r*q + 5*i, i + 23 = 2*q - q. Let d = -6 - -51. What is the greatest common divisor of q and d?
9
Suppose -2*x = 2*x - 20. Suppose -x*z + 497 - 167 = 0. Let h be (-1)/2 + z/12. What is the highest common divisor of h and 50?
5
Suppose -5*v = -s + 5, -v - 83 = -5*s + 62. Calculate the highest common divisor of 75 and s.
15
Let i be 30/45 + 68/6. What is the greatest common divisor of i and 3?
3
Let t(c) = c**2 + 9*c - 5. Let n be t(-11). Calculate the greatest common divisor of n and 68.
17
Suppose 2*b - 4 = -0. Let f(r) = -r**2 - r. Let z be f(b). Let m be 446/6 - 4/z. Calculate the greatest common factor of 30 and m.
15
Suppose -4*k + 6*k = 32. What is the greatest common divisor of 112 and k?
16
Suppose 2*d - 3*h = 0, -2*d - 2*d - h = -28. Calculate the greatest common divisor of 15 and d.
3
Let d(k) = 5*k**2 + 15*k - 15. Let r be d(-7). What is the highest common factor of r and 25?
25
Let c(k) = 17*k. Let n be c(2). Calculate the greatest common factor of 51 and n.
17
Suppose 3 - 5 = -v. Suppose -15 = -v*f + 17. Calculate the highest common factor of 16 and f.
16
Let v = 13 - 9. Suppose 2*i = -v*f + 34, 2*f = -2*f + 5*i + 13. What is the greatest common factor of f and 49?
7
Let i be (-2 - -2) + (-4)/(-2). Let d be -3*(-1)/2*i. Suppose 0 = z - 12 + d. What is the greatest common factor of z and 72?
9
Let g = -4 + 5. Let k be g/2 + 328/16. Calculate the highest common divisor of 21 and k.
21
Let h = 12 + 17. Calculate the highest common factor of h and 203.
29
Let c be (-2)/(0 - (-6)/(-9)). Let z(r) = c*r + r - r + 1. Let v be z(1). What is the highest common factor of v and 2?
2
Let f(c) = c**3 + 5*c**2 + 5. Let b be f(-5). Suppose b*x = -d + 31, 5*d - 3*x = -x + 47. What is the greatest common divisor of 77 and d?
11
Let x(b) = b**3 - 6*b**2 + 3*b + 3. Let s = 22 + -16. Let j be x(s). Calculate the highest common factor of 231 and j.
21
Suppose 4*d + 64 = -2*v + 5*v, -d - 5*v - 16 = 0. Let z be 6/(-4)*(d - -6). Calculate the highest common factor of 120 and z.
15
Suppose -1 = -5*x + 19. Suppose s + 2*s - 3*a = 30, 0 = -x*s - 3*a + 47. Calculate the greatest common factor of s and 11.
11
Let l = -97 - -196. Suppose c - 3*m + 5*m = l, 0 = m. What is the highest common divisor of c and 9?
9
Let y be 6/(-5)*(-5)/2. Calculate the greatest common divisor of y and 15.
3
Let h(o) = o**3 + 3*o + 1. Let u be h(4). Let b be 8/(-6)*(-33)/2. Suppose -b = -2*z - 0*z. Calculate the greatest common factor of z and u.
11
Let r = 14 + -11. Suppose 13 = -3*z + 4*y, -4*z + 8 = 2*y - 4. Let h(t) = 3*t**2 + t - 1. Let w be h(z). What is the highest common factor of r and w?
3
Let l(m) = 2*m**2 - 2*m - 1. Let f be l(-2). Let s(q) = -q**3 + q**2 - 2*q + 2. Let c be s(3). Let p = c + 44. What is the highest common factor of p and f?
11
Let r be (-69)/161 + (-1140)/(-14). Suppose -1 = -i + 3. Suppose -12 - 24 = -i*n. Calculate the greatest common factor of r and n.
9
Let x be 3 + 183/9*3. What is the greatest common factor of 8 and x?
8
Suppose 2*b = -2*b + 48. Let y = 116 + -80. Calculate the highest common factor of b and y.
12
Suppose -4*k - 50